{"id":150,"date":"2020-11-29T15:18:48","date_gmt":"2020-11-29T14:18:48","guid":{"rendered":"http:\/\/chateau-cinq-mars.fr\/?page_id=150"},"modified":"2021-02-15T11:36:10","modified_gmt":"2021-02-15T10:36:10","slug":"aux-alentours","status":"publish","type":"page","link":"https:\/\/chateau-cinq-mars.fr\/index.php\/aux-alentours\/","title":{"rendered":"Aux alentours"},"content":{"rendered":"\n<p class=\"has-medium-font-size\">Sites \u00e0 d\u00e9couvrir \u00e0 Cinq-Mars-la-Pile<\/p>\n\n\n\n<div class=\"wp-block-media-text alignwide is-stacked-on-mobile\"><figure class=\"wp-block-media-text__media\"><img loading=\"lazy\" decoding=\"async\" width=\"389\" height=\"523\" src=\"http:\/\/chateau-cinq-mars.fr\/wp-content\/uploads\/2020\/11\/pileCM.jpg\" alt=\"\" class=\"wp-image-152 size-full\" srcset=\"https:\/\/chateau-cinq-mars.fr\/wp-content\/uploads\/2020\/11\/pileCM.jpg 389w, https:\/\/chateau-cinq-mars.fr\/wp-content\/uploads\/2020\/11\/pileCM-223x300.jpg 223w\" sizes=\"auto, (max-width: 389px) 100vw, 389px\" \/><\/figure><div class=\"wp-block-media-text__content\">\n<h3 class=\"wp-block-heading\">Pile gallo-romaine (class\u00e9e aux Monuments Historiques) :<\/h3>\n\n\n\n<p>La commune de Cinq-Mars-la-Pile tire son nom de l\u2019\u00e9trange tour gallo-romaine situ\u00e9e \u00e0 l\u2019entr\u00e9e du bourg et surplombant la vall\u00e9e de la Loire d&rsquo;une cinquantaine de m\u00e8tres.<br>Cette construction date du II e si\u00e8cle et son r\u00f4le reste encore un myst\u00e8re.<\/p>\n<\/div><\/div>\n\n\n\n<div class=\"wp-block-media-text alignwide is-stacked-on-mobile\"><figure class=\"wp-block-media-text__media\"><img loading=\"lazy\" decoding=\"async\" width=\"389\" height=\"523\" src=\"http:\/\/chateau-cinq-mars.fr\/wp-content\/uploads\/2020\/11\/eglisestmedard.jpg\" alt=\"\" class=\"wp-image-153 size-full\" srcset=\"https:\/\/chateau-cinq-mars.fr\/wp-content\/uploads\/2020\/11\/eglisestmedard.jpg 389w, https:\/\/chateau-cinq-mars.fr\/wp-content\/uploads\/2020\/11\/eglisestmedard-223x300.jpg 223w\" sizes=\"auto, (max-width: 389px) 100vw, 389px\" \/><\/figure><div class=\"wp-block-media-text__content\">\n<h3 class=\"wp-block-heading\">Eglise Saint-M\u00e9dard :<\/h3>\n\n\n\n<p>Eglise romane des X e et XI e si\u00e8cles. Son transept et son choeur en berceau sont inscrits aux Monuments Historiques.<\/p>\n\n\n\n<p>A la crois\u00e9e des deux, s\u2019\u00e9l\u00e8ve un clocher roman class\u00e9.<br>L\u2019\u00e9glise est surmont\u00e9e d\u2019une fl\u00e8che octogonale datant du XV e si\u00e8cle.<\/p>\n<\/div><\/div>\n\n\n\n<div class=\"wp-block-media-text alignwide is-stacked-on-mobile\"><figure class=\"wp-block-media-text__media\"><img loading=\"lazy\" decoding=\"async\" width=\"612\" height=\"370\" src=\"http:\/\/chateau-cinq-mars.fr\/wp-content\/uploads\/2020\/11\/juiverievuCM.jpg\" alt=\"\" class=\"wp-image-154 size-full\" srcset=\"https:\/\/chateau-cinq-mars.fr\/wp-content\/uploads\/2020\/11\/juiverievuCM.jpg 612w, https:\/\/chateau-cinq-mars.fr\/wp-content\/uploads\/2020\/11\/juiverievuCM-300x181.jpg 300w\" sizes=\"auto, (max-width: 612px) 100vw, 612px\" \/><\/figure><div class=\"wp-block-media-text__content\">\n<h3 class=\"wp-block-heading\">La Juiverie :<\/h3>\n\n\n\n<p>Situ\u00e9e dans la partie basse du ch\u00e2teau, on peut voir le reste de la muraille qui prot\u00e9geait le quartier r\u00e9serv\u00e9 aux juifs au Moyen Age.<\/p>\n<\/div><\/div>\n\n\n\n<p>La commune de Cinq-Mars se situe au c\u0153ur du Val de Loire, inscrit au patrimoine mondial de l\u2019UNESCO pour la richesse et la diversit\u00e9 de son patrimoine, ainsi que pour la beaut\u00e9 de ses paysages.<\/p>\n\n\n\n<h2 class=\"wp-block-heading\"><br>Voici quelques sites \u00e0 d\u00e9couvrir <\/h2>\n\n\n\n<h2 class=\"wp-block-heading\">CHATEAUX<\/h2>\n\n\n\n<p><strong>Ch\u00e2teau de Langeais :<\/strong> 5 km de Cinq-Mars-la-Pile<br>C\u2019est le ch\u00e2teau le plus meubl\u00e9 du Val de Loire, ambiance feutr\u00e9e, splendeur des grandes salles de r\u00e9ception. On se trouve plong\u00e9 dans le quotidien d\u2019un prince du XV e si\u00e8cle ; et on d\u00e9couvre l\u2019\u00e9v\u00e9nement qui marqua l\u2019histoire des lieux : le mariage de Charles VIII et d\u2019Anne de Bretagne, reconstitu\u00e9 avec des personnages en cire. L\u2019entr\u00e9e s\u2019effectue par la travers\u00e9e d\u2019un magnifique pont-levis.<\/p>\n\n\n\n<p><strong>Ch\u00e2teau de Villandry : <\/strong>11 km de Cinq-Mars-la-Pile<br>Le ch\u00e2teau de Villandry, achev\u00e9 vers 1536, est le dernier des grands ch\u00e2teaux b\u00e2tis sur les bords de la Loire \u00e0 l\u2019\u00e9poque de la Renaissance. Il est particuli\u00e8rement r\u00e9put\u00e9 pour ses jardins \u00ab \u00e0 la fran\u00e7aise \u00bb, notamment le jardin potager. A voir trois fois par an\u2026<\/p>\n\n\n\n<p><strong>Ch\u00e2teau de Luynes :<\/strong> 10 km de Cinq-Mars-la-Pile<br>Cette forteresse f\u00e9odale semble toujours vouloir prot\u00e9ger la contr\u00e9e des envahisseurs. Son origine remonte au XII e si\u00e8cle, m\u00eame si des am\u00e9nagements ont \u00e9t\u00e9 r\u00e9alis\u00e9s au fil des si\u00e8cles. De ses jardins, on d\u00e9couvre un panorama splendide sur la vall\u00e9e de la Loire. Le ch\u00e2teau est toujours occup\u00e9 par la famille de Luynes, et ouvert aux visiteurs. Ne pas manquer l\u2019aqueduc romain, au bord de la route.<\/p>\n\n\n\n<p><strong>Ch\u00e2teau d\u2019Azay-le Rideau :<\/strong> 15 km de Cinq-Mars-la-Pile<br>Construit entre 1518 et 1527 pendant les premi\u00e8res ann\u00e9es du roi Fran\u00e7ois I er , il est l\u2019un des premiers ch\u00e2teaux de la Renaissance fran\u00e7aise, un des chefs d\u2019\u0153uvres incontournable de la r\u00e9gion.<\/p>\n\n\n\n<p><strong>Ch\u00e2teau de la Chatonni\u00e8re :<\/strong> \u00e0 Azay-le-Rideau<br>\u00ab Nich\u00e9s au creux d\u2019un vallon, les douze jardins du ch\u00e2teau de la Chatonni\u00e8re forment un d\u00e9licat \u00e9crin de verdure et de senteurs changeant au rythme des saisons, autour d\u2019un ravissant ch\u00e2teau Renaissance \u00e0 sept tours. \u00bb<\/p>\n\n\n\n<p><strong>Ch\u00e2teau d\u2019Uss\u00e9 :<\/strong> 20 km de Cinq-Mars-la-Pile<br>Le premier seigneur connu des terres d&rsquo;Uss\u00e9 fut en 1004, le redoutable Viking Guelduin 1 er de Saumur (\u00ab\u00a0Le diable de Saumur\u00a0\u00bb). On trouve \u00e9galement dans l&rsquo;enceinte de ce magnifique ch\u00e2teau de la Renaissance des traces d&rsquo;occupation pr\u00e9historique et des enceintes et vestiges gallo-romains. Ce ch\u00e2teau a inspir\u00e9 \u00e0 Perrault son conte de f\u00e9es, \u00abla Belle au Bois Dormant\u00bb.<\/p>\n\n\n\n<p><strong>Forteresse Royale de Chinon :<\/strong> 36 km de Cinq-Mars-la-Pile<br>C\u2019est en ce haut lieu de la guerre de Cent Ans qui oppos\u00e2t les Fran\u00e7ais aux Anglais, qu\u2019eut lieu en 1429, lieu la rencontre historique de Jeanne d&rsquo;Arc avec le futur Charles VII. La forteresse (en partie restaur\u00e9e) domine la cit\u00e9 moyen\u00e2geuse remarquablement conserv\u00e9e.<\/p>\n\n\n\n<h2 class=\"wp-block-heading\">MAIS AUSSI\u2026<\/h2>\n\n\n\n<p>\u00c9glise de Ligni\u00e8re, entre Langeais et Azay-le-Rideau, les fresques viennent d\u2019\u00eatre restaur\u00e9es Aqueduc gallo-romain de Luynes<\/p>\n\n\n\n<p>La demeure de Balzac, le prieur\u00e9 de St-Cosme, et bien s\u00fbr la ville de Tours \u00e0 17 km de Cinq-Mars ! <\/p>\n\n\n\n<p>Aquarium du Val de Loire \u00e0 Amboise (43 km)<\/p>\n\n\n\n<p>Ville de Richelieu (48 km) : construite sur ordre du Cardinal en 1631, elle constitue un chef d\u2019\u0153uvre de l\u2019urbanisme du XVII e si\u00e8cle<\/p>\n\n\n\n<p>Visite des grottes p\u00e9trifiantes \u00e0 Savonni\u00e8res (tout proche de Villandry) ou d\u2019habitations troglodytiques \u2026 et tant d\u2019autres !<\/p>\n\n\n\n<h2 class=\"wp-block-heading\">TRADITION VINICOLE<\/h2>\n\n\n\n<p>Le Val de Loire poss\u00e8de un patrimoine viticole d&rsquo;une grande richesse, Cinq-Mars est \u00e0 moins de 30 km de Bourgueil, Mont-Louis, Vouvray et Chinon. <\/p>\n\n\n\n<p>Pour la petite histoire : le c\u00e9page du Gros Lot ou Grolleau, originaire de Cinq-Mars, a \u00e9t\u00e9 d\u00e9couvert au pied de la Pile. Des 750 hectares de vignoble au d\u00e9but du XIX e il n\u2019en reste plus gu\u00e8re mais un fort pourcentage des ros\u00e9s d\u2019Anjou sont coup\u00e9s avec ce c\u00e9page.<\/p>\n\n\n\n<h2 class=\"wp-block-heading\">SPORT &amp; NATURE<\/h2>\n\n\n\n<p>La Loire, dernier fleuve sauvage d\u2019Europe, passe au pied de la commune. Au creux de la vall\u00e9e prosp\u00e8re une grande biodiversit\u00e9, faune &amp; flore.<br>Venez vous promener sur ses rives, \u00e0 pied, ou \u00e0 v\u00e9lo sur les parcours de \u00ab la Loire \u00e0 v\u00e9lo \u00bb.<\/p>\n\n\n\n<p>Piscine \u00e0 Langeais et Luynes<br>Randonn\u00e9e<br>\u00c9quitation<br>Les bases de loisirs pour sports nautiques, etc.<\/p>\n","protected":false},"excerpt":{"rendered":"<p>Sites \u00e0 d\u00e9couvrir \u00e0 Cinq-Mars-la-Pile Pile gallo-romaine (class\u00e9e aux Monuments Historiques) : La commune de Cinq-Mars-la-Pile tire son nom de l\u2019\u00e9trange tour gallo-romaine situ\u00e9e \u00e0 l\u2019entr\u00e9e du bourg et surplombant la vall\u00e9e de la Loire d&rsquo;une cinquantaine de m\u00e8tres.Cette construction date du II e si\u00e8cle et son r\u00f4le reste encore un myst\u00e8re. Eglise Saint-M\u00e9dard : &hellip; <\/p>\n<p class=\"link-more\"><a href=\"https:\/\/chateau-cinq-mars.fr\/index.php\/aux-alentours\/\" class=\"more-link\">Continuer la lecture<span class=\"screen-reader-text\"> de &laquo;&nbsp;Aux alentours&nbsp;&raquo;<\/span><\/a><\/p>\n","protected":false},"author":1,"featured_media":0,"parent":0,"menu_order":0,"comment_status":"closed","ping_status":"closed","template":"","meta":{"pgc_sgb_lightbox_settings":"","footnotes":""},"class_list":["post-150","page","type-page","status-publish","hentry"],"_links":{"self":[{"href":"https:\/\/chateau-cinq-mars.fr\/index.php\/wp-json\/wp\/v2\/pages\/150","targetHints":{"allow":["GET"]}}],"collection":[{"href":"https:\/\/chateau-cinq-mars.fr\/index.php\/wp-json\/wp\/v2\/pages"}],"about":[{"href":"https:\/\/chateau-cinq-mars.fr\/index.php\/wp-json\/wp\/v2\/types\/page"}],"author":[{"embeddable":true,"href":"https:\/\/chateau-cinq-mars.fr\/index.php\/wp-json\/wp\/v2\/users\/1"}],"replies":[{"embeddable":true,"href":"https:\/\/chateau-cinq-mars.fr\/index.php\/wp-json\/wp\/v2\/comments?post=150"}],"version-history":[{"count":16,"href":"https:\/\/chateau-cinq-mars.fr\/index.php\/wp-json\/wp\/v2\/pages\/150\/revisions"}],"predecessor-version":[{"id":191,"href":"https:\/\/chateau-cinq-mars.fr\/index.php\/wp-json\/wp\/v2\/pages\/150\/revisions\/191"}],"wp:attachment":[{"href":"https:\/\/chateau-cinq-mars.fr\/index.php\/wp-json\/wp\/v2\/media?parent=150"}],"curies":[{"name":"wp","href":"https:\/\/api.w.org\/{rel}","templated":true}]}}