{"id":136,"date":"2021-02-15T11:53:20","date_gmt":"2021-02-15T10:53:20","guid":{"rendered":"http:\/\/chateau-cinq-mars.fr\/?page_id=136"},"modified":"2025-09-15T23:34:42","modified_gmt":"2025-09-15T21:34:42","slug":"un-peu-dhistoire","status":"publish","type":"page","link":"https:\/\/chateau-cinq-mars.fr\/index.php\/un-peu-dhistoire\/","title":{"rendered":"Un peu d\u2019histoire"},"content":{"rendered":"\n<p>Le nom Cinq-Mars est surtout connu par le roman d\u2019Alfred de Vigny \u00ab Cinq-Mars \u00bb qui relate la destin\u00e9e tragique du Marquis de Cinq-Mars, favori de Louis XIII d\u00e9capit\u00e9 \u00e0 l\u2019\u00e2ge de 22 ans pour crime de haute trahison.<\/p>\n\n\n\n<p>D\u00e8s 980, les seigneurs de Saint M\u00e9dard sont mentionn\u00e9s. L\u2019\u00e9glise est toujours d\u00e9di\u00e9e \u00e0 Saint M\u00e9dard. Le nom s\u2019est curieusement transform\u00e9 en Cinq-Mars au fil des \u00e9poques jusqu\u2019au XVI e si\u00e8cle.<\/p>\n\n\n\n<div class=\"wp-block-image\"><figure class=\"aligncenter size-large is-resized\"><img loading=\"lazy\" decoding=\"async\" src=\"http:\/\/chateau-cinq-mars.fr\/wp-content\/uploads\/2020\/11\/cartepostaleCM.jpg\" alt=\"\" class=\"wp-image-137\" width=\"449\" height=\"294\" srcset=\"https:\/\/chateau-cinq-mars.fr\/wp-content\/uploads\/2020\/11\/cartepostaleCM.jpg 400w, https:\/\/chateau-cinq-mars.fr\/wp-content\/uploads\/2020\/11\/cartepostaleCM-300x197.jpg 300w\" sizes=\"auto, (max-width: 449px) 100vw, 449px\" \/><figcaption>Carte postale avec l\u2019\u00e9glise de Cinq-Mars-la-Pile et les tours du ch\u00e2teau<\/figcaption><\/figure><\/div>\n\n\n\n<p>Le ch\u00e2teau occupe un \u00e9peron rocheux partiellement d\u00e9tach\u00e9 du coteau, une configuration courante pour les sites f\u00e9odaux. Les tours rondes qui subsistent sont post\u00e9rieures aux croisades, il ne reste pas trace du ch\u00e2teau des premiers seigneurs, sans doute \u00e9tait il en bois.<\/p>\n\n\n\n<div class=\"wp-block-image\"><figure class=\"aligncenter size-large is-resized\"><img loading=\"lazy\" decoding=\"async\" src=\"http:\/\/chateau-cinq-mars.fr\/wp-content\/uploads\/2020\/11\/Plan-de-la-visite.jpg\" alt=\"\" class=\"wp-image-138\" width=\"518\" height=\"341\" srcset=\"https:\/\/chateau-cinq-mars.fr\/wp-content\/uploads\/2020\/11\/Plan-de-la-visite.jpg 683w, https:\/\/chateau-cinq-mars.fr\/wp-content\/uploads\/2020\/11\/Plan-de-la-visite-300x198.jpg 300w\" sizes=\"auto, (max-width: 518px) 100vw, 518px\" \/><figcaption>Plan de la visite. On voit apparaitre le dessin triangulaire de la Juiverie.<\/figcaption><\/figure><\/div>\n\n\n\n<p>Au pied de l\u2019\u00e9peron un mur d\u2019enceinte, une premi\u00e8re d\u00e9fense, enclot un espace qui porte encore le nom de \u00ab Juiverie \u00bb, peut-\u00eatre une premi\u00e8re communaut\u00e9 de marchands s\u2019y est-elle install\u00e9e sous la protection du seigneur.<\/p>\n\n\n\n<p>En 1474, Jean de Nerval qui poss\u00e8de les terres de Cinq Mars les \u00e9change avec Louis de la Tr\u00e9moille contre le ch\u00e2teau de Foug\u00e8re, proche de Nerval dans le Morbihan. Son fils, qui commandait les arm\u00e9es de Fran\u00e7ois 1er en Italie fait \u00e9largir et reparementer les douves. Le dessin triangulaire strict et le mur de la juiverie font partie de ces am\u00e9nagements du XVI e si\u00e8cle comme le cordon seigneurial.<\/p>\n\n\n\n<p>Au XVII e apr\u00e8s le d\u00e9c\u00e8s du Mar\u00e9chal d\u2019Effiat, surintendant des finances de Richelieu, le cardinal transforme Cinq-Mars qui appartenait \u00e0 la Mar\u00e9chale d\u2019Effiat en marquisat pour donner un titre \u00e0 son fils cadet Henri qu\u2019il introduit \u00e0 la cour. Le jeune homme devient le favori de Louis XIII.<\/p>\n\n\n\n<p>Des portraits du marquis, peints par les fr\u00e8res Le Nain montrent<br>le raffinement des habits du grand \u00e9cuyer du roi.<\/p>\n\n\n\n<figure class=\"wp-block-gallery columns-2 is-cropped wp-block-gallery-1 is-layout-flex wp-block-gallery-is-layout-flex\"><ul class=\"blocks-gallery-grid\"><li class=\"blocks-gallery-item\"><figure><img loading=\"lazy\" decoding=\"async\" width=\"688\" height=\"1024\" src=\"http:\/\/chateau-cinq-mars.fr\/wp-content\/uploads\/2020\/11\/Cardinal-Richelieu-688x1024.jpg\" alt=\"\" data-id=\"139\" data-full-url=\"http:\/\/chateau-cinq-mars.fr\/wp-content\/uploads\/2020\/11\/Cardinal-Richelieu.jpg\" data-link=\"http:\/\/chateau-cinq-mars.fr\/?attachment_id=139\" class=\"wp-image-139\" srcset=\"https:\/\/chateau-cinq-mars.fr\/wp-content\/uploads\/2020\/11\/Cardinal-Richelieu-688x1024.jpg 688w, https:\/\/chateau-cinq-mars.fr\/wp-content\/uploads\/2020\/11\/Cardinal-Richelieu-202x300.jpg 202w, https:\/\/chateau-cinq-mars.fr\/wp-content\/uploads\/2020\/11\/Cardinal-Richelieu-768x1143.jpg 768w, https:\/\/chateau-cinq-mars.fr\/wp-content\/uploads\/2020\/11\/Cardinal-Richelieu-1032x1536.jpg 1032w, https:\/\/chateau-cinq-mars.fr\/wp-content\/uploads\/2020\/11\/Cardinal-Richelieu.jpg 1127w\" sizes=\"auto, (max-width: 688px) 100vw, 688px\" \/><figcaption class=\"blocks-gallery-item__caption\">Le cardinal de Richelieu (1585-1642)<\/figcaption><\/figure><\/li><li class=\"blocks-gallery-item\"><figure><img loading=\"lazy\" decoding=\"async\" width=\"320\" height=\"328\" src=\"http:\/\/chateau-cinq-mars.fr\/wp-content\/uploads\/2020\/11\/marquisCM1620-1642.jpg\" alt=\"\" data-id=\"140\" data-full-url=\"http:\/\/chateau-cinq-mars.fr\/wp-content\/uploads\/2020\/11\/marquisCM1620-1642.jpg\" data-link=\"http:\/\/chateau-cinq-mars.fr\/?attachment_id=140\" class=\"wp-image-140\" srcset=\"https:\/\/chateau-cinq-mars.fr\/wp-content\/uploads\/2020\/11\/marquisCM1620-1642.jpg 320w, https:\/\/chateau-cinq-mars.fr\/wp-content\/uploads\/2020\/11\/marquisCM1620-1642-293x300.jpg 293w\" sizes=\"auto, (max-width: 320px) 100vw, 320px\" \/><figcaption class=\"blocks-gallery-item__caption\">Le marquis de Cinq-Mars (1620-1642)<\/figcaption><\/figure><\/li><\/ul><\/figure>\n\n\n\n<p>Une aquarelle de Gaigni\u00e8res repr\u00e9sente le ch\u00e2teau en 1699.<br>Cependant des erreurs notables entachent la cr\u00e9dibilit\u00e9 du dessin.<br>Le b\u00e2timent renaissance entre les deux tours, bien qu\u2019assez probable est-il exact ?<\/p>\n\n\n\n<div class=\"wp-block-image\"><figure class=\"aligncenter size-large\"><img loading=\"lazy\" decoding=\"async\" width=\"640\" height=\"887\" src=\"http:\/\/chateau-cinq-mars.fr\/wp-content\/uploads\/2020\/11\/Aquarelle-de-Francois-Roger-de-Gaignieres.jpg\" alt=\"\" class=\"wp-image-141\" srcset=\"https:\/\/chateau-cinq-mars.fr\/wp-content\/uploads\/2020\/11\/Aquarelle-de-Francois-Roger-de-Gaignieres.jpg 640w, https:\/\/chateau-cinq-mars.fr\/wp-content\/uploads\/2020\/11\/Aquarelle-de-Francois-Roger-de-Gaignieres-216x300.jpg 216w\" sizes=\"auto, (max-width: 640px) 100vw, 640px\" \/><figcaption>Aquarelle de Fran\u00e7ois-Roger de Gaigni\u00e8res (1642-1715)<\/figcaption><\/figure><\/div>\n\n\n\n<p>Au XVIII e si\u00e8cle, un deuxi\u00e8me \u00e9change a lieu et le duc de Choiseul ach\u00e8te Cinq Mars en 1768, pour l\u2019\u00e9changer avec le domaine de la Bourdaisi\u00e8re qui appartenait au duc de Luynes. Celui-ci fait dresser un parcellaire en 1772, et construit une tour qui termine l\u2019aile Nord de la basse cour sur les douves.<br>A la r\u00e9volution, le ch\u00e2teau est vendu comme bien national.<\/p>\n\n\n\n<div class=\"wp-block-image\"><figure class=\"aligncenter size-large\"><img loading=\"lazy\" decoding=\"async\" width=\"495\" height=\"380\" src=\"http:\/\/chateau-cinq-mars.fr\/wp-content\/uploads\/2020\/11\/Parcellaire-de-1772.jpg\" alt=\"\" class=\"wp-image-142\" srcset=\"https:\/\/chateau-cinq-mars.fr\/wp-content\/uploads\/2020\/11\/Parcellaire-de-1772.jpg 495w, https:\/\/chateau-cinq-mars.fr\/wp-content\/uploads\/2020\/11\/Parcellaire-de-1772-300x230.jpg 300w\" sizes=\"auto, (max-width: 495px) 100vw, 495px\" \/><figcaption>Parcellaire de 1772 (plan cadastral)<\/figcaption><\/figure><\/div>\n\n\n\n<p>Dans son voyage en Touraine Delacroix, bien qu\u2019il ne semble pas s\u2019int\u00e9resser aux ch\u00e2teaux, ex\u00e9cute un lavis qui \u00e9voque le ch\u00e2teau de Cinq Mars. Le roman de Vigny venait d\u2019\u00eatre publi\u00e9.<\/p>\n\n\n\n<div class=\"wp-block-image\"><figure class=\"aligncenter size-large\"><img loading=\"lazy\" decoding=\"async\" width=\"512\" height=\"384\" src=\"http:\/\/chateau-cinq-mars.fr\/wp-content\/uploads\/2020\/11\/Aquarelle-dEugene-Delacroix.jpg\" alt=\"\" class=\"wp-image-143\" srcset=\"https:\/\/chateau-cinq-mars.fr\/wp-content\/uploads\/2020\/11\/Aquarelle-dEugene-Delacroix.jpg 512w, https:\/\/chateau-cinq-mars.fr\/wp-content\/uploads\/2020\/11\/Aquarelle-dEugene-Delacroix-300x225.jpg 300w\" sizes=\"auto, (max-width: 512px) 100vw, 512px\" \/><figcaption>Aquarelle d\u2019Eug\u00e8ne Delacroix (1798-1863)<\/figcaption><\/figure><\/div>\n\n\n\n<p>Vers 1830 des travaux de r\u00e9am\u00e9nagement des communs sont entrepris avec le rehaussement des toitures aux extr\u00e9mit\u00e9s de l\u2019aile Nord et le porche d\u2019entr\u00e9e est mur\u00e9. Puis vers 1860, les deux autres ailes des communs sont d\u00e9molies et le propri\u00e9taire Louis Bussienne, horticulteur, cr\u00e9e le parc.<\/p>\n\n\n\n<p>En 1957, le peintre Nicolas Untersteller, directeur de l\u2019Ecole nationale des Beaux Arts, ach\u00e8te le Ch\u00e2teau de Cinq Mars, il proc\u00e8de \u00e0 un r\u00e9am\u00e9nagement des communs, cr\u00e9e un grand atelier sur deux niveaux et notamment r\u00e9ouvre l\u2019ancien porche, devant lequel une grande baie vitr\u00e9e permet aujourd\u2019hui d\u2019\u00e9clairer la salle \u00e0 manger.<\/p>\n","protected":false},"excerpt":{"rendered":"<p>Le nom Cinq-Mars est surtout connu par le roman d\u2019Alfred de Vigny \u00ab Cinq-Mars \u00bb qui relate la destin\u00e9e tragique du Marquis de Cinq-Mars, favori de Louis XIII d\u00e9capit\u00e9 \u00e0 l\u2019\u00e2ge de 22 ans pour crime de haute trahison. D\u00e8s 980, les seigneurs de Saint M\u00e9dard sont mentionn\u00e9s. L\u2019\u00e9glise est toujours d\u00e9di\u00e9e \u00e0 Saint M\u00e9dard. &hellip; <\/p>\n<p class=\"link-more\"><a href=\"https:\/\/chateau-cinq-mars.fr\/index.php\/un-peu-dhistoire\/\" class=\"more-link\">Continuer la lecture<span class=\"screen-reader-text\"> de &laquo;&nbsp;Un peu d\u2019histoire&nbsp;&raquo;<\/span><\/a><\/p>\n","protected":false},"author":1,"featured_media":0,"parent":0,"menu_order":0,"comment_status":"closed","ping_status":"closed","template":"","meta":{"pgc_sgb_lightbox_settings":"","footnotes":""},"class_list":["post-136","page","type-page","status-publish","hentry"],"_links":{"self":[{"href":"https:\/\/chateau-cinq-mars.fr\/index.php\/wp-json\/wp\/v2\/pages\/136","targetHints":{"allow":["GET"]}}],"collection":[{"href":"https:\/\/chateau-cinq-mars.fr\/index.php\/wp-json\/wp\/v2\/pages"}],"about":[{"href":"https:\/\/chateau-cinq-mars.fr\/index.php\/wp-json\/wp\/v2\/types\/page"}],"author":[{"embeddable":true,"href":"https:\/\/chateau-cinq-mars.fr\/index.php\/wp-json\/wp\/v2\/users\/1"}],"replies":[{"embeddable":true,"href":"https:\/\/chateau-cinq-mars.fr\/index.php\/wp-json\/wp\/v2\/comments?post=136"}],"version-history":[{"count":8,"href":"https:\/\/chateau-cinq-mars.fr\/index.php\/wp-json\/wp\/v2\/pages\/136\/revisions"}],"predecessor-version":[{"id":323,"href":"https:\/\/chateau-cinq-mars.fr\/index.php\/wp-json\/wp\/v2\/pages\/136\/revisions\/323"}],"wp:attachment":[{"href":"https:\/\/chateau-cinq-mars.fr\/index.php\/wp-json\/wp\/v2\/media?parent=136"}],"curies":[{"name":"wp","href":"https:\/\/api.w.org\/{rel}","templated":true}]}}